(base 16) to base 11
30841
Convert 1044a6 (base 14) to base 6.
15441014
10201011101110 (base 3) to base 5
1001041443
Convert -1746 (base 13) to base 4.
-311232
What is -498040 (base 10) in base 4?
-1321211320
22031320 (base 5) to base 6
4021413
What is 53c0a (base 13) in base 9?
250650
3034312 (base 6) to base 10
144836
What is -9d58 (base 15) in base 7?
-166220
What is -404301 (base 5) in base 8?
-31424
What is -33687 (base 13) in base 11?
-64199
What is 1e0bb6 (base 15) in base 4?
11213010303
What is -2c496 (base 15) in base 6?
-3021023
Convert 1a6b5a (base 13) to base 10.
672019
73076475 (base 8) to base 10
15498557
Convert 738aa (base 12) to base 6.
3125534
54030 (base 13) to base 6
3130000
Convert -1dd87f (base 16) to base 15.
-28982c
Convert 5a2a2 (base 11) to base 6.
1510101
What is -11aa082 (base 13) in base 3?
-101100201112002
What is -e257 (base 16) in base 11?
-3a596
-358498 (base 10) to base 7
-3022120
Convert 8062121 (base 9) to base 7.
51325303
158072 (base 9) to base 14
278a3
What is -18bd1 (base 16) in base 8?
-305721
303031414 (base 5) to base 14
23acc3
What is 3428d (base 14) in base 15?
27846
-133a7 (base 15) to base 11
-422a4
-260150 (base 8) to base 9
-146670
What is 2b7dd (base 14) in base 13?
3a567
Convert -47420275 (base 8) to base 7.
-154041013
Convert -d1524 (base 15) to base 12.
-27b597
1515350 (base 7) to base 4
302102132
Convert 107218 (base 10) to base 16.
1a2d2
Convert 490a78 (base 11) to base 10.
777268
What is 10747034 (base 8) in base 11?
1362a84
Convert 4489365 (base 10) to base 12.
1606019
What is -b7dc2 (base 14) in base 5?
-103211002
-2523416 (base 7) to base 13
-b5139
What is -29235a (base 14) in base 5?
-331140143
Convert -121340343 (base 6) to base 9.
-4317260
What is -778778 (base 10) in base 7?
-6422330
-196dcbb (base 14) to base 5
-11213414022
Convert -143314221 (base 5) to base 8.
-2715361
What is -1105502 (base 7) in base 9?
-227115
Convert 50a6858 (base 11) to base 5.
4301410412
Convert 110001110110111010 (base 2) to base 12.
9a222
Convert 12020120112110 (base 3) to base 16.
2a8544
-101010110011100000000 (base 2) to base 11
-8788a3
Convert 272a3ac (base 13) to base 12.
416898a
Convert 22159 (base 16) to base 3.
21002111201
Convert 75376 (base 15) to base 2.
1011010110101000100
Convert -1c47b41 (base 14) to base 16.
-d80aad
-574765 (base 8) to base 15
-3cbe1
-551232 (base 8) to base 16
-2d29a
1101110000000010000111 (base 2) to base 13
992911
Convert 20020011211202 (base 3) to base 9.
6204752
Convert -121001013 (base 6) to base 15.
-302699
What is -3a79 (base 15) in base 14?
-47a1
245144 (base 9) to base 16
2428c
Convert -988120 (base 10) to base 6.
-33102344
-1212112010100 (base 3) to base 6
-33151530
Convert -430b6 (base 13) to base 5.
-12332414
Convert -31021204 (base 5) to base 4.
-331120211
-13300 (base 9) to base 8
-21437
What is 22756 (base 14) in base 10?
83768
-34649 (base 15) to base 8
-505612
Convert -1012020010011 (base 3) to base 2.
-10011010110111001011
What is 18245 (base 11) in base 13?
b849
924938 (base 12) to base 13
621c83
What is 1001110111010001 (base 2) in base 4?
21313101
Convert -1000111010010110011 (base 2) to base 9.
-484515
Convert 19e93 (base 15) to base 8.
244500
What is -995074 (base 12) in base 9?
-4520867
What is -11a9844 (base 11) in base 10?
-2092017
Convert -200022100002 (base 3) to base 8.
-1277663
Convert -1380851 (base 12) to base 5.
-1444241311
117291 (base 13) to base 6
12524253
What is -d0c7c (base 14) in base 6?
-14431250
Convert -10000001212 (base 3) to base 14.
-17775
What is -329283 (base 11) in base 15?
-a5732
Convert -17299a9 (base 11) to base 9.
-5472737
What is -137504b (base 12) in base 13?
-a60c07
Convert 742634 (base 10) to base 12.
2b9922
What is -234304330 (base 7) in base 16?
-dd99a4
-5073567 (base 8) to base 7
-14254335
What is -1760807 (base 10) in base 15?
-24bac2
Convert -312343242 (base 5) to base 9.
-2381402
130321012121 (base 4) to base 16
739199
What is -587659 (base 11) in base 2?
-11100011101010001010
Convert -46a93 (base 11) to base 8.
-204426
Convert 1e64f (base 16) to base 5.
12440440
-67361 (base 16) to base 14
-b00c9
Convert 5872493 (base 10) to base 7.
100625654
Convert -2230234 (base 8) to base 12.
-250650
What is -3545241 (base 6) in base 3?
-100102001121
-20281 (base 13) to base 15
-120ca
Convert 13187336 (base 9) to base 12.
2212280
What is -10097a (base 11) in base 12?
-79a6b
What is 73b5 (base 16) in base 10?
29621
47a697a (base 11) to base 2
11111111011010000010101
Convert -629883 (base 11) to base 16.
-f63f2
-1776 (base 9) to base 3
-1212120
Convert -11b1a (base 14) to base 8.
-124514
-1d8455 (base 16) to base 14
-384d6d
e6726b (base 16) to base 15
14d4c81
What is -122100211201 (base 3) in base 7?
-2622313
11341231 (base 5) to base 7
620334
-136111 (base 10) to base 4
-201032233
Convert -76145 (base 12) to base 10.
-155717
Convert -475935 (base 14) to base 13.
-673887
Convert -50142 (base 7) to base 13.
-5667
Convert 44344122 (base 5) to base 9.
650377
Convert -120862 (base 9) to base 12.
-3620b
Convert -327348 (base 11) to base 15.
-a4ab2
What is 5262133 (base 8) in base 2?
101010110010001011011
Convert -214011324 (base 5) to base 9.
-1655647
What is 4b6a0 (base 13) in base 7?
1120603
Convert cc57 (base 14) to base 8.
105035
292533 (base 15) to base 3
10201201012110
What is -25349c (base 15) in base 13?
-4a5776
Convert -5143943 (base 10) to base 9.
-10610142
-2247545 (base 9) to base 6
-41554405
What is 1008079 (base 11) in base 10?
1782295
What is 475402 (base 11) in base 12?
3042b4
Convert 517364 (base 10) to base 13.
151643
Convert 10553323 (base 6) to base 13.
b5551
What is -1100111100000100 (base 2) in base 7?
-310336
-341314110 (base 5) to base 4
-11300302002
Convert -133221302000 (base 4) to base 8.
-37516200
Convert 110001110001001101 (base 2) to base 10.
203853
-93470 (base 16) to base 2
-10010011010001110000
Convert 13846712 (base 9) to base 3.
110221120210102
Convert -132971 (base 15) to base 10.
-920131
Convert -1102033103 (base 4) to base 12.
-142b2b
What is -10100202202202 (base 3) in base 9?
-3322682
Convert -3483 (base 12) to base 10.
-5859
What is 11760 (base 13) in base 4?
13310103
What is 39754 (base 13) in base 5?
11403313
-103333112011 (base 4) to base 9
-10766171
Convert -187172 (base 12) to base 7.
-3426014
Convert 1ed00 (base 16) to base 7.
1033645
Convert 401311442 (base 5) to base 15.
215967
What is -1a472a (base 16) in base 5?
-420102104
What is -656224 (base 10) in base 8?
-2401540
What is 4412545 (base 6) in base 2?
110101101000010001
What is 2736767 (base 9) in base 5?
341012120
114121243 (base 5) to base 6
15252355
407a65 (base 12) to base 3
1220021000012
What is 101100111011110000101 (base 2) in base 15?
1e13e4
-3e147 (base 16) to base 6
-5241115
Convert -37bb1 (base 12) to base 13.
-287aa
What is 444640 (base 7) in base 3?
10222201101
32703748 (base 9) to base 10
15827930
2050bb (base 15) to base 3
2220000201112
What is 5665 (base 13) in base 3?
121120111
b906ac (base 14) to base 15
83ab26
What is -10350505 (base 6) in base 5?
-34404204
3136098 (base 12) to base 2
100011011001011111110100
Convert 11020131 (base 4) to base 9.
31746
Convert -222201102100 (base 3) to base 13.
-1554c0
Convert -55a9802 (base 12) to base 7.
-256245002
What is -259230 (base 11) in base 7?
-3315140
What is 640535 (base 7) in base 2?
11011000001111101
What is 21020113331 (base 4) in base 8?
11102775
What is 2042101 (base 10) in base 2?
111110010100011110101
256215 (base 12) to base 13
185753
Convert -1408615 (base 12) to base 3.
-21112000111122
1245730 (base 12) to base 16
3691d4
Convert 20733108 (base 9) to base 8.
46115530
202012210001121 (base 3) to base 12
3720937
510240 (base 7) to base 5
10232222
What is -5aa44 (base 12) in base 11?
-84000
What is -1115040 (base 6) in base 2?
-1101111000000000
What is -3515313 (base 6) in base 4?
-230101131
What is -1818681 (base 9) in base 11?
-634a20
312220023 (base 4) to base 13
7aacc
What is 39492 (base 12) in base 8?
231156
9b38c3 (base 16) to base 12
34a6b17
-521405225 (base 6) to base 2
-100010011110010001010001
Convert -2000115 (base 6) to base 4.
-112302233
What is 12223111 (base 6) in base 11?
24863a
Convert 14362177 (base 9) to base 5.
3311024410
254fcb (base